 - 5 = -17. Let j = d - -12. What are the prime factors of j?
2
Suppose -2*b + 48 = -0*b - 3*z, 65 = 3*b - z. List the prime factors of b.
3, 7
Suppose 3*s + 10 = 5*s, 5*u = -4*s + 100. Let o be 42/8 - 4/u. Suppose o*d - f = d + 49, 5*d - f = 61. List the prime factors of d.
2, 3
Let p(m) = -2*m + 2. Let r be p(-7). Suppose -r = -o - 3*n, 4*o - 8 = 4*n - 2*n. What are the prime factors of o?
2
Let i(h) = -2*h**3 - 2*h**2 - 2*h + 5. What are the prime factors of i(-4)?
109
Let p = 30 - 15. What are the prime factors of p?
3, 5
Let o be 16 + 0 + 2 + 0. Suppose 0 = -2*p + p + o. Let t = 29 - p. List the prime factors of t.
11
Let s be (-2 + (-16)/(-10))*-15. Suppose -5*v + s = 1. Suppose -f - 4 = 3*g - v, 2*g = -2*f + 14. List the prime factors of f.
2, 3
Let d(i) = -i**2 + 6*i. Let s be d(6). Suppose s = 4*j + 13 + 15. Let l = j - -16. List the prime factors of l.
3
Let i(o) = 3*o**3 - 3*o**2 - 3*o - 3. Let u be i(-2). List the prime factors of (-1)/(-3) + (-979)/u.
2, 3, 5
Suppose 6*q - 2*q - d - 6 = 0, 0 = 3*q - 2*d - 2. Suppose 0 = -2*g + 3*g + q. What are the prime factors of g + 4 + (-10)/(-1)?
2, 3
What are the prime factors of ((-6)/(-4))/(31/2170)?
3, 5, 7
Suppose -4*v + 2 = 30. Let r = -127 + 20. List the prime factors of r/v + (-2)/7.
3, 5
Let b be -1 + 4 - -9 - 2. Let f = 17 - b. List the prime factors of f.
7
Suppose 5*n + 4*l + 5 = 4, -3*n + 4*l = -25. Let w(r) = 1 + 3*r**2 + r**3 + 3*r**2 - r + 0*r + n*r**2. What are the prime factors of w(-9)?
2, 5
Let g(d) = d**2 + 6*d - 7. Let a be g(-6). Let t be 10/(-35) - 37/a. Suppose -4*p - 16 = 0, 4*f + 0*f + t*p - 24 = 0. List the prime factors of f.
11
What are the prime factors of ((-20)/(-15))/((-8)/(-228))?
2, 19
Let j = -14 - -18. Suppose -4*h = h + j*y - 19, -24 = -4*h - y. List the prime factors of h.
7
Suppose -a = -5*a - 12, 3*r - 5*a = 21. Suppose -4*f - 16 - 4 = 0, -r*f = -g + 31. What are the prime factors of g?
3, 7
Suppose 5*k + 0*k = 925. List the prime factors of k.
5, 37
Let y(r) be the first derivative of 9*r**4/4 + r**3/3 - r - 1. Suppose 0 = 2*b - 4*w - 14, 0*b + 2 = 5*b + w. List the prime factors of y(b).
3
Suppose 3*i - 253 = 35. What are the prime factors of i?
2, 3
What are the prime factors of (-52)/(-1) - 12/6?
2, 5
What are the prime factors of 1 - 5 - -1*27?
23
Let y be (-11 - -15)*3/4. Suppose 4*d = 2*l - 32, y*l - 3*d = -30 + 93. List the prime factors of l.
2, 13
Let f = -57 - -111. List the prime factors of f.
2, 3
Let l(u) = -u**2 + 2*u + 55. List the prime factors of l(0).
5, 11
Suppose -5*x + 22 = -8. Let k be (5 + 1)*4/6. Suppose 4*u = k*p, -5*p + u + x = -u. List the prime factors of p.
2
Suppose 4324 = -7*b + 30*b. List the prime factors of b.
2, 47
Let g(d) = d**2 + 4*d - 2. Let p be g(-4). Let s = p + 2. Suppose -4*u + 59 - 11 = s. List the prime factors of u.
2, 3
Suppose -q - 2*x + 16 = 3*x, -x = -3*q - 16. Let a = q - -5. List the prime factors of 324/30 + a/5.
11
Let y = 3 - 6. Let n be 1/y*(-18)/(-2). What are the prime factors of (6 - n/1)*1?
3
Suppose -2*k + 0*y - 3*y = -35, 0 = -3*k + 4*y + 61. What are the prime factors of 1/(1/k) - 2?
17
Let u(d) = d**3 - 10*d**2 + 10*d - 6. Let a be u(9). Let c = -4 + a. List the prime factors of -4 + 6 - 13*c.
3, 5
Suppose c - 4 - 2 = 0. Suppose c + 12 = 2*w. List the prime factors of -6*2/w*-3.
2
Suppose 37 - 13 = 2*n. Suppose 3*x + n = x. Let k(j) = j**3 + 5*j**2 - 6*j + 8. What are the prime factors of k(x)?
2
Suppose 4*w + 0*w - 36 = 0. Let l be (-2)/6 - (-3)/w. List the prime factors of (7 - (l + -1)) + 1.
3
Suppose x = -x + 30. List the prime factors of x.
3, 5
Let u = 1 + 4. What are the prime factors of u?
5
Let j(b) = -b**2 + 3*b + 12. What are the prime factors of j(4)?
2
Let r = -58 + 106. List the prime factors of r.
2, 3
Suppose -2*x - 4*z + 214 = 0, 4*x + 4*z = 5*x - 131. Suppose -2*j - 3*j = 5*r - x, -2*r - j + 48 = 0. List the prime factors of r.
5
Suppose 5*f + 11 = 81. List the prime factors of f.
2, 7
Let k(t) = -t**3 - t**2 + 4*t - 4. Let m be 11/(-33) - 22/6. What are the prime factors of k(m)?
2, 7
Let j = 2 - 0. Suppose -2*o + 5 = y - 10, 15 = y - j*o. What are the prime factors of y?
3, 5
Suppose 138 = 2*x - 5*i + 3*i, 2*x - 5*i = 153. What are the prime factors of x?
2
Suppose -p + 17 = k, -2*k + 8 = -2*p - 22. Suppose -2*r = -6*r + k. Suppose 20 - 4 = -r*q, -44 = -4*l + 5*q. List the prime factors of l.
2, 3
Let i(b) = 2*b**2 - 4*b + 5. Let v be i(4). Let q = v - 14. List the prime factors of q.
7
Let x(q) = q**3 - 2*q**2 - 6*q - 2. What are the prime factors of x(5)?
43
Let c = -37 - -53. Suppose -4*u + c = 0, 0*t + 5*t - 257 = -3*u. Suppose 2*s + 3*q = t, 7 = -4*s + 3*q + 60. What are the prime factors of s?
17
Let h(q) = q**3 + 15*q**2 - 21*q - 32. List the prime factors of h(-16).
2, 3
Let j = 6 + -3. Let d be (-4)/12*-4*3. Suppose 0 = 5*h - j*k - 43, 0 = d*h - 5*k - 28 - 9. What are the prime factors of h?
2
Let b(v) = v - 3. Let j be b(3). Suppose j = 5*f - 4*f - 23. List the prime factors of f.
23
Suppose d - 72 + 16 = 0. List the prime factors of 4/(-14) + 912/d.
2
Suppose 4*w + 104 = 5*c, -w - 2*w = 5*c - 132. What are the prime factors of c?
2, 3
Let f = -3 - -13. Let k(y) = -y**3 - 14*y**2 - 12*y + 14. Let t be k(-13). What are the prime factors of (f - t)*1 + -2?
7
Suppose v + 8 = 11. List the prime factors of v.
3
What are the prime factors of 3292/(-20)*-1 + (-6)/(-15)?
3, 5, 11
Let k(t) be the third derivative of -t**5/60 - t**4/6 - t**3/2 - 2*t**2. Let w be k(-3). Let z = w - -12. List the prime factors of z.
2, 3
Suppose k + 4*w = -15, -2*k = -3*k - 2*w - 7. Let n be -3 + 5 + (-2 - -13). Let x = k + n. List the prime factors of x.
2, 7
Let s = 4 - -9. Let k be (27/15)/((-1)/5). Let n = s + k. What are the prime factors of n?
2
What are the prime factors of 44/6 + 2/3?
2
Suppose -10*c - 3*i = -12*c + 70, -5*c = 2*i - 194. List the prime factors of c.
2, 19
Let j(g) = g - 1. Let m be j(2). Let k = m + 3. Suppose -2*a + l = -k, -a = -3*l + 5*l - 2. List the prime factors of a.
2
Let o = -32 + 46. What are the prime factors of o?
2, 7
Suppose 4*z + 3*b - 219 = 4*b, -3 = b. List the prime factors of z.
2, 3
Let n(t) = t**2 + 6*t - 3. Let j be n(-7). List the prime factors of (-146)/(-4) - (-2)/j.
37
Suppose -2*u + 119 = 2*f - 5*u, f + 4*u = 32. What are the prime factors of f?
2, 13
Let g = -12 + 3. Let m be (-2)/4*2 - g. List the prime factors of 12/m*(-34)/(-3).
17
Let j = -38 - -74. What are the prime factors of j/30*(-10)/(-3)?
2
Let g(l) = 2*l**3 - 11*l**2 + 10*l - 5. Let s be g(7). Suppose -j = 3*j - s. What are the prime factors of j?
53
What are the prime factors of (-303)/(28/(-126) - 46/36)?
2, 101
Suppose n = -2*n + 54. List the prime factors of n.
2, 3
Let n(j) = -39*j. List the prime factors of n(-1).
3, 13
Suppose -2 + 8 = -2*h. List the prime factors of 51 + 0/(h + 4).
3, 17
Let b be (-1)/(-2) + (-498)/(-12). Suppose -q - 2 = k, -5*q + 2*q = 0. List the prime factors of -3*(b/9)/k.
7
Suppose -k = 4*x - 3, x + 2 = 2*k + 5. Let q(f) = -10*f**3 - f. List the prime factors of q(k).
11
Suppose 2*r - 4*n = 0, -2*n = -4*r + 2*n. Let o(c) = c**2 + c + 8. Let g be o(r). Suppose s = -s + g. List the prime factors of s.
2
Suppose -5*a + 5*q + 63 = -a, 3*a = 5*q + 41. List the prime factors of a.
2, 11
Let v = -26 - -16. Let f = 17 + v. Suppose -x - g + 3*g - f = 0, x + 2*g = 13. List the prime factors of x.
3
List the prime factors of (3 - (104 - -5))/(-1).
2, 53
Let l(m) = -m - 5. Let h = -13 + 8. Let j be l(h). Suppose j = -v + 2*v - 7. What are the prime factors of v?
7
Suppose 0 = a - 15 - 21. What are the prime factors of a?
2, 3
Let g be 16/9 + (-4)/(-18). What are the prime factors of (g/6)/((-1)/(-87))?
29
Suppose 3*j = 4*w - 31, 2*j + 8 = w - 6. Let x be ((-64)/(-20) - 4)*-20. Let s = x - w. What are the prime factors of s?
2, 3
Suppose 393 = 3*u + 2*y, 3*u + 4*y + 113 = 512. Suppose -3*v = -0*v - u. What are the prime factors of v?
43
Let c(s) = -3*s**3 + 9*s**2 - s + 1. Let z(q) = -16*q**3 + 44*q**2 - 5*q + 5. Let x(a) = -11*c(a) + 2*z(a). Let b = -5 + 16. List the prime factors of x(b).
2, 5
List the prime factors of (2/7 - (-2475)/35)*1.
71
Let c be -4 + 3 - -2*23. Suppose -4*b = 4*y - c + 1, -b = 4*y - 35. What are the prime factors of y?
2
Le